{"id":4342,"date":"2023-04-20T12:48:23","date_gmt":"2023-04-20T12:48:23","guid":{"rendered":"https:\/\/aitorykoda.nativeworld.es\/?page_id=4342"},"modified":"2023-04-20T15:20:23","modified_gmt":"2023-04-20T15:20:23","slug":"condiciones-generales","status":"publish","type":"page","link":"https:\/\/aitorykoda.nativeworld.es\/index.php\/condiciones-generales\/","title":{"rendered":"Condiciones Generales"},"content":{"rendered":"<div class=\"fusion-fullwidth fullwidth-box fusion-builder-row-1 fusion-flex-container nonhundred-percent-fullwidth non-hundred-percent-height-scrolling\" style=\"--awb-border-radius-top-left:0px;--awb-border-radius-top-right:0px;--awb-border-radius-bottom-right:0px;--awb-border-radius-bottom-left:0px;--awb-padding-top:0px;--awb-margin-top:0px;\" ><div class=\"fusion-builder-row fusion-row fusion-flex-align-items-flex-start\" style=\"max-width:1430px;margin-left: calc(-4% \/ 2 );margin-right: calc(-4% \/ 2 );\"><div class=\"fusion-layout-column fusion_builder_column fusion-builder-column-0 fusion_builder_column_1_1 1_1 fusion-flex-column\" style=\"--awb-bg-blend:overlay;--awb-bg-size:cover;--awb-width-large:100%;--awb-margin-top-large:-80px;--awb-spacing-right-large:1.92%;--awb-margin-bottom-large:0px;--awb-spacing-left-large:1.92%;--awb-width-medium:100%;--awb-spacing-right-medium:1.92%;--awb-spacing-left-medium:1.92%;--awb-width-small:100%;--awb-spacing-right-small:1.92%;--awb-spacing-left-small:1.92%;\"><div class=\"fusion-column-wrapper fusion-flex-justify-content-flex-start fusion-content-layout-column\"><div class=\"fusion-text fusion-text-1\"><h1 style=\"font-size: 28px;\" align=\"center\" data-fusion-font=\"true\"><\/h1>\n<h1 align=\"center\"><span style=\"font-size: 28px;\" data-fusion-font=\"true\">Condiciones <\/span><i><span style=\"font-size: 28px;\" data-fusion-font=\"true\">Generales<\/span><\/i><\/h1>\n<p>Estas condiciones generales regulan el acceso y utilizaci\u00f3n de cualquiera de los dominios que NATIVEWORLD pone gratuitamente a disposici\u00f3n de los usuarios de Internet. La utilizaci\u00f3n de determinados servicios ofrecidos en este sitio se regir\u00e1 adem\u00e1s por las condiciones particulares previstas en cada caso, las cuales se entender\u00e1n aceptadas por el mero uso de tales servicios.<\/p>\n<p>Se autoriza la visualizaci\u00f3n, impresi\u00f3n y descarga parcial del contenido de la web s\u00f3lo y exclusivamente si concurren las siguientes condiciones:<\/p>\n<p>1.- Que sea compatible con los fines de cualquiera de los dominios de NATIVEWORLD.<\/p>\n<p>2.- Que se realice con el exclusivo \u00e1nimo de obtener la informaci\u00f3n contenida para uso personal y privado. Se proh\u00edbe expresamente su utilizaci\u00f3n con fines comerciales o para su distribuci\u00f3n, comunicaci\u00f3n p\u00fablica o transformaci\u00f3n sin el consentimiento expreso de NATIVEWORLD.<\/p>\n<p>3.- NATIVEWORLD se reserva el derecho a modificar la oferta comercial del sitio web (modificaciones sobre productos, precios, promociones y otras condiciones comerciales y de servicio) en cualquier momento con preaviso al cliente si fuese necesario.<\/p>\n<p>4.- NATIVEWORLD no garantiza la inexistencia de interrupciones o errores en el acceso al web, en su contenido, ni que \u00e9ste se encuentre actualizado, aunque desarrollar\u00e1 sus mejores esfuerzos para, en su caso, evitarlos, subsanarlos y\/o actualizarlos.<\/p>\n<p>5.- Tanto el acceso a este sitio web como el uso que pueda hacerse de la informaci\u00f3n contenida en el mismo es de la exclusiva responsabilidad de quien lo realiza. NATIVEWORLD no responder\u00e1 de ninguna consecuencia, da\u00f1o o perjuicio que pudieran derivarse de dicho acceso o uso de la informaci\u00f3n. NATIVEWORLD no se hace responsable de los posibles errores de seguridad que se puedan producir ni de los posibles da\u00f1os que puedan causarse al sistema inform\u00e1tico del usuario (hardware y software), los ficheros o documentos almacenados en el mismo, como consecuencia de la presencia de virus en el ordenador del usuario utilizado para la conexi\u00f3n a los servicios y contenidos de la web, de un mal funcionamiento del navegador o del uso de versiones no actualizadas del mismo.<\/p>\n<p>6.- NATIVEWORLD no asume responsabilidad alguna derivada de la concesi\u00f3n o contenidos de los enlaces de terceros a los que se hace referencia en la web, ni garantiza la ausencia de virus u otros elementos en los mismos que puedan producir alteraciones en el sistema inform\u00e1tico (hardware y software), los documentos o los ficheros del usuario, excluyendo cualquier responsabilidad por los da\u00f1os de cualquier clase causados al usuario por este motivo.<\/p>\n<p>7.- La utilizaci\u00f3n no autorizada de la informaci\u00f3n contenida en esta web, su reventa, as\u00ed como la lesi\u00f3n de los derechos de Propiedad Intelectual o Industrial de NATIVEWORLD, dar\u00e1 lugar a las responsabilidades legalmente establecidas.<\/p>\n<p>8.- Lenguas contractuales: La lengua contractual es el castellano.<\/p>\n<p>9.- De conformidad con la legislaci\u00f3n espa\u00f1ola en materia de consumo resultan de aplicaci\u00f3n a las compras realizadas a trav\u00e9s de este web las disposiciones establecidas en la Ley 1\/2007 para la defensa de los consumidores y usuarios, as\u00ed como la Ley 34\/2002 de servicios de la sociedad de la informaci\u00f3n y de comercio electr\u00f3nico, incluido el derecho de desistimiento en los t\u00e9rminos legalmente establecidos.<\/p>\n<p>Precios de los productos y\/o servicios<\/p>\n<p>Los precios de los servicios o productos prestados por NATIVEWORLD, son accesibles de forma clara y exacta desde el mismo sitio desde el que son objeto de contrataci\u00f3n. Dichos precios incluyen los impuestos aplicables en territorio espa\u00f1ol, en este caso el Impuesto sobre el Valor A\u00f1adido (IVA).<\/p>\n<p>Garant\u00edas y devoluciones<\/p>\n<p>El cliente disfruta de una garant\u00eda total en caso que el producto presente alguna anomal\u00eda. Todos los costes asociados a la devoluci\u00f3n por mal estado, rotura en el env\u00edo u otra incidencia correr\u00e1n a cargo de NATIVEWORLD. El cliente deber\u00e1 contactar directamente con NATIVEWORLD a trav\u00e9s de cualquier v\u00eda de contacto publicada en su p\u00e1gina web para que as\u00ed pueda ocuparse de la tramitaci\u00f3n del producto y sustituci\u00f3n.<\/p>\n<p>P\u00e9rdida de la Garant\u00eda<\/p>\n<p>La garant\u00eda no ser\u00e1 v\u00e1lida en caso de factores externos al uso normal del producto, tales como uso indebido, roturas posteriores al uso, manejo incorrecto o abusivo por parte del cliente o por terceras personas.<\/p>\n<p>Legislaci\u00f3n y fuero aplicable<\/p>\n<p>Las presentes Condiciones Generales se regir\u00e1n e interpretar\u00e1n de acuerdo con las Leyes de Espa\u00f1a. Las partes de someten para la resoluci\u00f3n de los conflictos y con renuncia a cualquier otro fuero a los juzgados y tribunales de la provincia de Alicante.<\/p>\n<\/div><\/div><\/div><\/div><\/div><!-- \/wp:post-content -->","protected":false},"excerpt":{"rendered":"","protected":false},"author":1,"featured_media":4360,"parent":0,"menu_order":0,"comment_status":"closed","ping_status":"closed","template":"","meta":{"footnotes":""},"class_list":["post-4342","page","type-page","status-publish","has-post-thumbnail","hentry"],"_links":{"self":[{"href":"https:\/\/aitorykoda.nativeworld.es\/index.php\/wp-json\/wp\/v2\/pages\/4342","targetHints":{"allow":["GET"]}}],"collection":[{"href":"https:\/\/aitorykoda.nativeworld.es\/index.php\/wp-json\/wp\/v2\/pages"}],"about":[{"href":"https:\/\/aitorykoda.nativeworld.es\/index.php\/wp-json\/wp\/v2\/types\/page"}],"author":[{"embeddable":true,"href":"https:\/\/aitorykoda.nativeworld.es\/index.php\/wp-json\/wp\/v2\/users\/1"}],"replies":[{"embeddable":true,"href":"https:\/\/aitorykoda.nativeworld.es\/index.php\/wp-json\/wp\/v2\/comments?post=4342"}],"version-history":[{"count":3,"href":"https:\/\/aitorykoda.nativeworld.es\/index.php\/wp-json\/wp\/v2\/pages\/4342\/revisions"}],"predecessor-version":[{"id":4366,"href":"https:\/\/aitorykoda.nativeworld.es\/index.php\/wp-json\/wp\/v2\/pages\/4342\/revisions\/4366"}],"wp:featuredmedia":[{"embeddable":true,"href":"https:\/\/aitorykoda.nativeworld.es\/index.php\/wp-json\/wp\/v2\/media\/4360"}],"wp:attachment":[{"href":"https:\/\/aitorykoda.nativeworld.es\/index.php\/wp-json\/wp\/v2\/media?parent=4342"}],"curies":[{"name":"wp","href":"https:\/\/api.w.org\/{rel}","templated":true}]}}